e 36 + (53 - 27 - 56).
6
What is -4 + 2 + -138 + 251 + -177?
-66
Calculate 13 + -1 + -23 + (6 - (-8 - -51)).
-48
(-9 - -2) + (-18 - (-74 - -17))
32
Evaluate 8 + (13 - ((47 - 1) + 9)) - 3.
-37
Calculate (1577 - 1579) + -3 + (-2 - -2) + (-32 - 0).
-37
11 - (15 - (-5 + 22)) - -6
19
What is -1242 + 1229 - (-2 - -15)?
-26
What is the value of 49 + (1 - (2 - -8) - -18) - -10?
68
Calculate -31 + 45 + 49 + 53.
116
What is the value of -10 + (14 + -21 - 17 - 5)?
-39
Evaluate (-22 - (-12 - (1 - -37))) + -22.
6
What is the value of 2 + -22 + (36 - 0 - (1093 + -1134))?
57
Calculate (197 - 185) + (1 - 0) + -56 + 6.
-37
Evaluate (-1 - -11) + (4 + 3 - (-661 - -681)).
-3
What is -80 + 23 + -9 - (-3 + (7 - -8))?
-78
Calculate (-59 - (37 + -118)) + (-17 - -2) - -18.
25
Calculate (4 - (25 - (5 - -4))) + (7 + -9 - -35).
21
Evaluate (4 - -34 - -3) + -14 + (11 - 2) + 9.
45
33 + (-8 - -26) - ((1 - 3) + 1)
52
Calculate -11 - (5 + 5 + -13 - (-30 + 4)).
-34
Evaluate (4 - (5 - (-3 + 5 + -77) - -8)) + -3.
-87
What is -51 - (-53 + -44 + 82)?
-36
47 + -22 + (-69 - -29)
-15
What is the value of -75 - ((17 - -1) + -385 + 338)?
-46
-51 - -70 - -11 - 17
13
Calculate -26 + -5 + 5 + 7 + -19 - (-9 + 1).
-30
Calculate -261 + 295 + (-4 - -9) + -106.
-67
What is the value of 3 + (2 - 93) + -744 + 734 + 11?
-87
Evaluate (5 - 10) + (1 + (-6 - -40) - 7).
23
Evaluate -136 - (836 - 823 - (41 + -18 - (-1 - 1))).
-124
Evaluate 32 - (28 - (20 + (-35 - -36))).
25
What is the value of 17 + 3 + -19 + -2 + 36?
35
What is the value of -36 + 0 - (-62 - (-54 - -17) - -12)?
-23
(10 - (11 - (-11 - (7 - 21)))) + 37
39
What is 1 + (-40 - -111) - 89?
-17
Calculate 112 + (-17 - 6 - (-11 - -2)).
98
Evaluate (-4 + -2 - -6) + (8 - 2) - (1 + -12).
17
Calculate -25 - (32 + -92) - (3 - 2).
34
12 + 0 + -677 + 670 + -29
-24
Calculate (7 - 1) + 0 - (-28 - (41 + 5 + -40)).
40
What is the value of 126 + -106 - (-1 + 8)?
13
What is the value of -2 - 148 - -2 - (-1375 - -1363)?
-136
What is (-20 - -2) + (116 + -244 - -150)?
4
What is the value of (22 - -13 - 13 - 44) + (1 - -1 - 8)?
-28
-40 - -58 - (5 - 18 - -9)
22
Calculate -5 + -162 + 183 + 0 + -13.
3
1 + -10 - ((12 + (-6 - 0) - 17) + 109)
-107
What is the value of 72 - (-10 - -85) - (-20 + 0)?
17
Evaluate 51 + 2 + -21 - (7 + (-19 - -2)).
42
20 + 1 + -7 + (1 - 8) + 24
31
Evaluate 79 - 151 - (-80 + 23).
-15
Evaluate -12 - ((147 + -118 - (13 + -2)) + 11).
-41
Evaluate (8 - 9) + 29 + -21.
7
Evaluate -23 - 2 - (2379 - 2454).
50
What is the value of (2 - (10 + 6)) + (223 - 274) + (-1 - -8)?
-58
(-3 - 12 - ((-34 - -39) + -5)) + -13
-28
Calculate -6028 - -6039 - (-4 + (1 - -1) - 9).
22
Evaluate (2 - -138) + -249 + 187.
78
What is 68 + (4 - -16) - 48?
40
((-3 - 2) + 4 - (4 + -5)) + (-46 - 1)
-47
What is the value of -4 + 0 - -63 - ((16 - 29) + 4 + 2)?
66
858 + -914 - (-143 + 7)
80
What is the value of 101 + -132 + (-1 - -52)?
20
What is ((-3 - -10) + -14 - (6 + -2)) + -104?
-115
What is the value of (-20 - -12 - -28) + (67 - 159) + -1 + 8?
-65
What is the value of 1868 + -1980 + (0 - -7)?
-105
What is 42 - (-3 - -30) - 14 - 1 - (-6 + -1)?
7
Calculate 7 + -4 + 1 + (-117 - 29) + 17 - -2.
-123
-13 - (-29 + 0 + -105 + 116)
5
105 + -54 + (-1 - -11 - (-3 + -2))
66
Evaluate -30 - -1 - (33 + (-125 - -101)).
-38
(1 - -1) + 0 + 13 + -11 + -25 - -5
-16
What is 15 - (-9 - -69) - (31 + -20)?
-56
Calculate -25 + 16 + -700 + 837.
128
Evaluate -57 - (-344 - -350 - ((0 - -3) + 1 - 3)).
-62
Calculate 101 - (5 - 0 - (-453 - -459)).
102
(17 - (6 - 11)) + -13 + -50
-41
What is -94 + 108 - (-5 - -2 - 82) - 19?
80
-27 + (6 - (23 + (-16 - -28)))
-56
Evaluate 4 + (-25 - 4) + (8 - (14 + 4)).
-35
What is 27 + -2 + 0 - (2139 + -2079)?
-35
Calculate -17 + (12 - (9 + 15 + -9)) - 24.
-44
What is -22 + (2 + (-7 - (10 - 5)) - -6) + -1?
-27
What is (-10 - -15) + 8 - (-8 - 7 - (-154 + -2))?
-128
What is the value of 23 - (89 + -115 + -42)?
91
(9 - -2) + -38 + (90 - 0)
63
Calculate -2 + 1 - (10 + -10 + (-13 - -7) + 14).
-9
What is the value of 31 + -82 + 52 + 28?
29
Evaluate 12 + 0 - (-26 + 9 + -38 + 10).
57
-79 + 269 + 103 + -188
105
Calculate 17 + (-73 - -16 - -55).
15
Evaluate -8 - 6 - (-381 + 328).
39
What is -154 + (36 + -14 + 21 - 18)?
-129
What is 44 - (9 - (-11 + (18 - 7)) - 2 - 5)?
42
16 - 0 - 18 - (-5 - (88 - (0 - 0)))
91
Evaluate 28 + 0 + 37 + 24 + -65.
24
Evaluate -43 + 49 + -2 + 5 - -58.
67
Evaluate -111 - (156 + -149 + -4 + -6 - 5).
-103
Evaluate -50 - -62 - -1 - (68 - -2) - -3.
-54
-46 + (119 - 54) + 0 + -21 + -3 + 28
23
51 - 17 - (160 - 124)
-2
What is the value of (-1 - -9) + 0 + (-8 + (58 - 18) - 24)?
16
-26 - 20 - (-23 + 1) - -5
-19
What is the value of 2 + -2 - (9 + (14 + -19 + -12 - 72))?
80
Evaluate 266 + -101 + (16 - 30).
151
What is (10 - 15) + 16 + -7 + -3 + 6?
7
Evaluate 13 + (1097 + -1097 - (1 - (-3 - -5) - -103)).
-89
What is the value of (32 - 49 - -10) + 46?
39
What is the value of 38 + 4 - (22 + -9 - (-3 - -27) - -11)?
42
Evaluate (4 - -8) + -5 + 20 + (-6 - 1).
20
What is 22 + -7 + -119 + (-9 - -11)?
-102
What is -39 + -7 + -3 - (-167 + 142)?
-24
-10 + (-16 + (-31 - 0) - (-19 - 0))
-38
Evaluate (12 - 4) + -11 + (5 + 128 - (-9 + 4)).
135
(-200 - -58) + 153 + (-1 - 60)
-50
Evaluate 1 - ((2 - 1) + 3) - (-5 + -5 + 4).
3
Calculate (652 - 594) + (-1 - 44) - (65 - 0).
-52
What is 101 + -35 + (130 - 147)?
49
What is (14 - 1) + -15 + (-10 - 0)?
-12
Evaluate 0 - -23 - (-10 - -2 - (152 + -161)).
22
Calculate (-2 - -83) + (11 - 8) + (18 - 29).
73
Evaluate 165 + (-23 - 5 - 3 - (-201 - -192)).
143
2 + 43 - (-198 - -159)
84
Calculate 81 - (73 + 54) - (-9 - -6).
-43
Evaluate (-5 - 8) + 4 + 10 + 4 + -14 + 64.
55
What is the value of -116 + -116 + 268 + 1?
37
Calculate (-9 - 3) + -25 + 8 + 29 - 47.
-47
Evaluate -37 + 33 + 18 + (3 - 31).
-14
Calculate -990 + 1022 + (-29 - (0 - 2)).
5
What is (-1 - (-5 - (-1 + 5))) + (12 - 1) - 1?
18
1174 + -1151 + (2 - (3 - -1) - -5)
26
-5 - -43 - (427 - 413)
24
23 + -18 - (-8 + 0) - (45 - -4)
-36
What is -20 + 20 + -11 + 43 + -4 + 2?
30
Evaluate -116 + (144 - 76) - -67.
19
Evaluate 11 - (23 + -26 + 13 - (3 + -2) - -67).
-65
Calculate -32 + (-4 - -18) + 2 + -14.
-30
Evaluate -54 - (14 + (-54 - -22)).
-36
Calculate 60 + (-38 - (-58 + (9 - 19))).
90
Calculate -29 + -3 - (7 - (83 - 29)).
15
Calculate 115 - 22 - (-88 - -120).
61
Evaluate 22 - (10 - (34 + -8 + -133)).
-95
Evaluate (14 - (-26 - (-8 + -25))) + 8.
15
What is the value of (14 - -15 - 17) + -36 - -37?
13
Calculate 102 - 100 - (-6 + 20) - (-5 - 0) - 38.
-45
What is -389 - -560 - (5 + 91)?
75
Evaluate (-52 - 2 - -2) + (59 - (-36 - -82)).
-39
Evaluate 1 - -7 - -8 - (38 + -18 + -37).
33
What is (-12 - (-14 - (-15 - -41))) + 66?
94
What is -17 + (2 - -2 - -3) + 4 + -10?
-16
What is 20 + -5 + -6 + 2 - (48 + 1)?
-38
-58 + 20 + (34 + -31 - -13)
-22
Evaluate -9 + (-50 + 119 - 108).
-48
Calculate -6 + -6 + (2 - -16) - (3 - (23 - -9)).
35
What is (97 - ((-48 - 0) + 8)) + -23?
114
Evaluate 13 + (42 + -29 - (32 + -1)).
-5
Calculate 1 + -5 + -24 + 15 + 20 + -55 + 1.
-47
Evaluate -1 + -34 - 1 - (-32 + (-39 - -31 - -43)).
-39
What is the value of -50 + (82 - 26 - -36)?
42
Calculate -43 + -90 + 17 + 58.
-58
What is 45 + 1 + (2 - (7 + -11 - -6))?
46
(1 - 23) + 459 + -432 + (4 - -1) + -49
-39
(-140 - -133) + (-2 + -1 + 22 - 4) + -125
-117
What is the value of (26 - (1 + 0)) + -23 - -6?
8
Evaluate -31 + 32 + (2 - -9).
12
What is (5 + -18 - (4 + -24 + 21)) + 32?
18
15 + -7 + 11 - 6 - 14
-1
Evaluate 195 + -176 + 2 + -7 + (15 - 2).
27
Calculate 5 - (-1 + -2 + (114 - 35) + -42).
-29
Evaluate 33 + (19 - 15) + -22 - -1.
16
-100 + 170 + -64 + (-42 - 0)
-36
What is the value of 272 - 407 - ((0 + -1 - (8 + 1)) + 3)?
-128
(14 - (-8 + (31 + 2 - 1))) + -37
-47
What is the value of -30 + 1 - (-3 + -6 - -1 - (-20 - -2))?
-39
Calculate 61 - ((-15 - -3) + 12 + 7).
54
Calculate (50 - 40) + -8 + 4 + (-62 - 0).
-56
Calculate -68 + 83 + (-85 - 15) + -23.
-108
-2 - 2 - (-6 + (-105 - 1) + -404 + 399)
113
What is -1 + -1 - (121 - 136) - (-3 + -1)?
17
What is the value of 20 + (-16 - -2) + 10 + -1?
15
Evaluate -6 + 86 + 5 + -90 + 113 - -8.
116
Calculate (0 - (-3 - (7 - -3))) + -47 + (-2 - -12).
-24
What is (-51 - -28) + 26 - (0 + 2)?
1
Evaluate -16 + (4 - 29) - (-12 + 21).
-50
2 + -47 - ((-15 - -1) + -11 - -12)
-32
(-14 - (0 + -1)) + 21 + -89
